{"id":20,"date":"2021-09-14T22:38:00","date_gmt":"2021-09-14T20:38:00","guid":{"rendered":"https:\/\/fjvd.eu\/?page_id=20"},"modified":"2023-09-04T19:56:44","modified_gmt":"2023-09-04T17:56:44","slug":"von-1919-bis-heute-die-geschichte-des-ortes","status":"publish","type":"page","link":"https:\/\/fjvd.eu\/blog\/von-1919-bis-heute-die-geschichte-des-ortes\/","title":{"rendered":"Von 1919 bis heute \u2013 die Geschichte des Ortes"},"content":{"rendered":"<p><span data-contrast=\"none\"><strong>1919<\/strong> trafen sich in der nahen Nevigeser Landschule die ersten <\/span><span data-contrast=\"none\">Pazifist:innen<\/span><span data-contrast=\"none\"> aus der Umgebung.<\/span><span data-ccp-props=\"{&quot;335559739&quot;:120}\">\u00a0<\/span><\/p>\n<p><span data-contrast=\"none\"><img loading=\"lazy\" decoding=\"async\" class=\"size-medium wp-image-226 alignright\" src=\"https:\/\/fjvd.eu\/blog\/wp-content\/uploads\/2021\/09\/Silvio-Gesell-um-1917-Flieder-300x213.jpg\" alt=\"\" width=\"300\" height=\"213\" srcset=\"https:\/\/fjvd.eu\/blog\/wp-content\/uploads\/2021\/09\/Silvio-Gesell-um-1917-Flieder-300x213.jpg 300w, https:\/\/fjvd.eu\/blog\/wp-content\/uploads\/2021\/09\/Silvio-Gesell-um-1917-Flieder-768x546.jpg 768w, https:\/\/fjvd.eu\/blog\/wp-content\/uploads\/2021\/09\/Silvio-Gesell-um-1917-Flieder-600x427.jpg 600w, https:\/\/fjvd.eu\/blog\/wp-content\/uploads\/2021\/09\/Silvio-Gesell-um-1917-Flieder.jpg 800w\" sizes=\"auto, (max-width: 300px) 100vw, 300px\" \/>Ostern <strong>1927<\/strong> wurde der Freiwirtschaftliche Jugendverband Deutschland (FJVD) gegr\u00fcndet und beim Wuppertaler Amtsgericht eingetragen.<\/span><span data-ccp-props=\"{&quot;335559739&quot;:120}\">\u00a0<\/span>Die Ideen kamen vor allem von <strong><a href=\"https:\/\/fjvd.eu\/blog\/silvio-gesell-und-unser-heutiges-geben-und-nehmen\/\" target=\"_blank\" rel=\"noopener\">Silvio Gesell<\/a><\/strong>, der auch der Namenspatron des Vereinsheims wurde, welches sich sp\u00e4ter zu einer Tagungsst\u00e4tte mit kleinem Hotelbetrieb entwickelte.<\/p>\n<p><span data-contrast=\"none\"><img loading=\"lazy\" decoding=\"async\" class=\"size-medium wp-image-181 alignleft\" src=\"https:\/\/fjvd.eu\/wp-content\/uploads\/2021\/09\/Musikalische-Einweihungsfeier-der-Freilichtbu\u0308hne-vor-dem-einsetzenden-Regenschauer-1932-300x191.png\" alt=\"\" width=\"300\" height=\"191\" srcset=\"https:\/\/fjvd.eu\/blog\/wp-content\/uploads\/2021\/09\/Musikalische-Einweihungsfeier-der-Freilichtbu\u0308hne-vor-dem-einsetzenden-Regenschauer-1932-300x191.png 300w, https:\/\/fjvd.eu\/blog\/wp-content\/uploads\/2021\/09\/Musikalische-Einweihungsfeier-der-Freilichtbu\u0308hne-vor-dem-einsetzenden-Regenschauer-1932-768x489.png 768w, https:\/\/fjvd.eu\/blog\/wp-content\/uploads\/2021\/09\/Musikalische-Einweihungsfeier-der-Freilichtbu\u0308hne-vor-dem-einsetzenden-Regenschauer-1932-600x382.png 600w, https:\/\/fjvd.eu\/blog\/wp-content\/uploads\/2021\/09\/Musikalische-Einweihungsfeier-der-Freilichtbu\u0308hne-vor-dem-einsetzenden-Regenschauer-1932.png 872w\" sizes=\"auto, (max-width: 300px) 100vw, 300px\" \/>Am <strong>11. September 1932<\/strong> wurde die Freilichtb\u00fchne eingeweiht, wegen eines heftigen Regens jedoch nicht direkt am Ort, sondern kurzfristig in einer alten Turnhalle in Neviges. Das damals sehr erfolgreiche, heute weitgehend vergessene Schauspiel <\/span><i><span data-contrast=\"none\">Zw\u00f6lftausend<\/span><\/i><span data-contrast=\"none\"> von Bruno Frank<\/span><span data-contrast=\"none\"> wurde dazu aufgef\u00fchrt, in dem der Soldatenhandel w\u00e4hrend des Amerikanischen Unabh\u00e4ngigkeitskriegs angeprangert wird.<\/span><span data-ccp-props=\"{&quot;335559739&quot;:120}\"><br \/>\n<\/span><\/p>\n<p><img loading=\"lazy\" decoding=\"async\" class=\"wp-image-506 aligncenter\" src=\"https:\/\/fjvd.eu\/wp-content\/uploads\/2021\/09\/cf200208042711490_1-1_7294774396_o-FLB-vollbesetzt-Doppelfoto-scaled.jpg\" alt=\"\" width=\"551\" height=\"162\" srcset=\"https:\/\/fjvd.eu\/blog\/wp-content\/uploads\/2021\/09\/cf200208042711490_1-1_7294774396_o-FLB-vollbesetzt-Doppelfoto-scaled.jpg 2560w, https:\/\/fjvd.eu\/blog\/wp-content\/uploads\/2021\/09\/cf200208042711490_1-1_7294774396_o-FLB-vollbesetzt-Doppelfoto-300x88.jpg 300w, https:\/\/fjvd.eu\/blog\/wp-content\/uploads\/2021\/09\/cf200208042711490_1-1_7294774396_o-FLB-vollbesetzt-Doppelfoto-1024x301.jpg 1024w, https:\/\/fjvd.eu\/blog\/wp-content\/uploads\/2021\/09\/cf200208042711490_1-1_7294774396_o-FLB-vollbesetzt-Doppelfoto-768x226.jpg 768w, https:\/\/fjvd.eu\/blog\/wp-content\/uploads\/2021\/09\/cf200208042711490_1-1_7294774396_o-FLB-vollbesetzt-Doppelfoto-1536x452.jpg 1536w, https:\/\/fjvd.eu\/blog\/wp-content\/uploads\/2021\/09\/cf200208042711490_1-1_7294774396_o-FLB-vollbesetzt-Doppelfoto-2048x602.jpg 2048w, https:\/\/fjvd.eu\/blog\/wp-content\/uploads\/2021\/09\/cf200208042711490_1-1_7294774396_o-FLB-vollbesetzt-Doppelfoto-1200x353.jpg 1200w, https:\/\/fjvd.eu\/blog\/wp-content\/uploads\/2021\/09\/cf200208042711490_1-1_7294774396_o-FLB-vollbesetzt-Doppelfoto-600x176.jpg 600w\" sizes=\"auto, (max-width: 551px) 100vw, 551px\" \/><\/p>\n<p><span data-contrast=\"none\">Um das Gel\u00e4nde vor dem Zugriff der Nationalsozialisten zu retten, wurde es <strong>1935<\/strong> an einen Duisburger Bundesgenossen der Freiwirtschaft, Friedrich H\u00f6llermann, zum Schein verkauft. Im selben Jahr musste Max Fischer die Aufl\u00f6sung des FJVD unterschreiben.<\/span><span data-ccp-props=\"{&quot;335559739&quot;:120}\">\u00a0<\/span><\/p>\n<p><span data-contrast=\"none\">Trotz des Vereinsverbots wurde das Gel\u00e4nde jedoch weiterhin durch die Anh\u00e4nger:innen der Freiwirtschaft genutzt. <strong>1937<\/strong> wurde sogar noch ein Brunnen ausgehoben.<\/span><span data-ccp-props=\"{&quot;335559739&quot;:120}\">\u00a0<\/span><\/p>\n<p><span data-contrast=\"none\">Nach NS-Zeit und Krieg kamen das Grundst\u00fcck und das Geb\u00e4ude auch offiziell wieder zur\u00fcck an den Verein. Am <strong>13. Januar 1947<\/strong> schlie\u00dflich versammelten sich Interessierte zur Neugr\u00fcndung des FJVD.<\/span><span data-ccp-props=\"{&quot;335559739&quot;:120}\">\u00a0<\/span><\/p>\n<p><span data-contrast=\"none\"><strong>1954<\/strong> legten die engagierten Vereinsmitglieder den Grundstein f\u00fcr das Silvio-Gesell-Heim, <strong>1956<\/strong> konnte Richtfest gefeiert werden, wegen der zahlreichen Engp\u00e4sse nach dem Krieg wurde das Heim allerdings erst <strong>1959<\/strong> fertiggestellt.\u00a0<\/span><span data-ccp-props=\"{&quot;335559739&quot;:120}\">\u00a0<\/span><\/p>\n<p>Mit Beginn des Jahres <strong>1975<\/strong> wurde der Ort mit der Tagungsst\u00e4tte am Schanzenweg zusammen mit anderen \u00f6stlichen Au\u00dfenortschaften von Neviges in Wuppertal eingemeindet.<\/p>\n<p><span data-contrast=\"none\">Zur Jubil\u00e4umsfeier zum 150. Geburtstag Silvio Gesells wurden im Jahr <strong>2012<\/strong> im Wald Kunstwerke erstellt, um die Ideen der Freiwirtschaft ganz neu und anders zu vermitteln.\u00a0<\/span><\/p>\n<p><span data-contrast=\"none\"><strong><img loading=\"lazy\" decoding=\"async\" class=\"size-medium wp-image-1431 alignright\" src=\"https:\/\/fjvd.eu\/blog\/wp-content\/uploads\/2023\/09\/Sommercamp-2015-Sonnenofen-foto_uwe_ledermann-300x225.jpg\" alt=\"\" width=\"300\" height=\"225\" srcset=\"https:\/\/fjvd.eu\/blog\/wp-content\/uploads\/2023\/09\/Sommercamp-2015-Sonnenofen-foto_uwe_ledermann-300x225.jpg 300w, https:\/\/fjvd.eu\/blog\/wp-content\/uploads\/2023\/09\/Sommercamp-2015-Sonnenofen-foto_uwe_ledermann-768x576.jpg 768w, https:\/\/fjvd.eu\/blog\/wp-content\/uploads\/2023\/09\/Sommercamp-2015-Sonnenofen-foto_uwe_ledermann-600x450.jpg 600w, https:\/\/fjvd.eu\/blog\/wp-content\/uploads\/2023\/09\/Sommercamp-2015-Sonnenofen-foto_uwe_ledermann.jpg 1024w\" sizes=\"auto, (max-width: 300px) 100vw, 300px\" \/>2014<\/strong> fand die Idee des Lernortes ihren Weg zur Silvio-Gesell-Tagungsst\u00e4tte, und das erste Sommercamp wurde veranstaltet. Im darauf folgenden Jahr, <strong>2015<\/strong>, wurde ein weiteres Sommercamp aufw\u00e4ndig geplant und deutlich ausgeweitet. <strong>2016<\/strong> wurde das Ganze noch einmal wiederholt. <\/span><\/p>\n<p>Seit Herbst <strong>2016<\/strong> ist der FJVD an der Silvio-Gesell-Tagungsst\u00e4tte zweimal pro Jahr Gastgeber der M\u00fcndener Gespr\u00e4che der Sozialwissenschaftlichen Vereinigung. Seit <strong>Herbst 2022<\/strong> finden sie unter der neuen Bezeichnung Fairconomy-Tagung statt. Seitdem werden sie von der Initiative f\u00fcr Nat\u00fcrliche Wirtschaftsordnung (<a href=\"https:\/\/www.INWO.de\" target=\"_blank\" rel=\"noopener\">INWO<\/a>) durchgef\u00fchrt.<\/p>\n<p><img loading=\"lazy\" decoding=\"async\" class=\"size-medium wp-image-505 alignleft\" src=\"https:\/\/fjvd.eu\/wp-content\/uploads\/2021\/09\/Silvio-Gesell-Tagungssta\u0308tte-300x214.jpg\" alt=\"\" width=\"300\" height=\"214\" srcset=\"https:\/\/fjvd.eu\/blog\/wp-content\/uploads\/2021\/09\/Silvio-Gesell-Tagungssta\u0308tte-300x214.jpg 300w, https:\/\/fjvd.eu\/blog\/wp-content\/uploads\/2021\/09\/Silvio-Gesell-Tagungssta\u0308tte-600x428.jpg 600w, https:\/\/fjvd.eu\/blog\/wp-content\/uploads\/2021\/09\/Silvio-Gesell-Tagungssta\u0308tte.jpg 604w\" sizes=\"auto, (max-width: 300px) 100vw, 300px\" \/><\/p>\n<p>P\u00e4chterwechsel an der <a href=\"https:\/\/sgt-wuppertal.de\/\" target=\"_blank\" rel=\"noopener\">Tagungsst\u00e4tte<\/a>: Manuel Bangemann und seine Familie \u00fcbernahmen &#8211; in der Cornona-Pandemie! &#8211; die Bewirtschaftung von Haus und Gel\u00e4nde ab dem <strong>15. Juni 2021<\/strong> nach einem Bewerbungsverfahren, dass der Vorstand des FJVD durchgef\u00fchrt hat.<\/p>\n<p>&nbsp;<\/p>\n<p><span data-contrast=\"none\">Einige Angaben aus: <\/span><span data-ccp-props=\"{}\">\u00a0<\/span><\/p>\n<ul>\n<li data-leveltext=\"\uf0b7\" data-font=\"Symbol\" data-listid=\"1\" aria-setsize=\"-1\" data-aria-posinset=\"1\" data-aria-level=\"1\"><span data-contrast=\"none\">Beate Bockting (2001): Bewegte Zeiten. Die Silvio-Gesell-Tagungsst\u00e4tte in Wuppertal-Neviges. Nach Aufzeichnungen von Gabriele Frenking. in: (r)evolution \u2013 Alternativen zum Kapitalismus, Nr. 2, Sept. 2001, S. 3-5.<\/span><span data-ccp-props=\"{&quot;134233279&quot;:true,&quot;335559685&quot;:284,&quot;335559991&quot;:284}\">\u00a0<\/span><\/li>\n<li data-leveltext=\"\uf0b7\" data-font=\"Symbol\" data-listid=\"1\" aria-setsize=\"-1\" data-aria-posinset=\"2\" data-aria-level=\"1\"><span data-contrast=\"none\">Jonathan Ries (2017): Wuppertaler Freilichtbu\u0308hne \u2013 90 Jahre Freiwirtschaft, Kunst und Kultur Der geschichtliche Werdegang der Freilichtbu\u0308hne am Asbruch. in: <a href=\"https:\/\/humane-wirtschaft.de\/2017_04\/HW_2017_04_S42-46.pdf\" target=\"_blank\" rel=\"noopener\">Humane Wirtschaft, 04\/2017, S. 42-46<\/a>.<\/span><span data-ccp-props=\"{&quot;134233279&quot;:true,&quot;335559685&quot;:284,&quot;335559991&quot;:284}\">\u00a0<\/span><\/li>\n<li data-leveltext=\"\uf0b7\" data-font=\"Symbol\" data-listid=\"1\" aria-setsize=\"-1\" data-aria-posinset=\"2\" data-aria-level=\"1\"><span data-contrast=\"none\">Zeitungsartikel aus der Zeit der Gr\u00fcndung und den folgenden Jahren (<\/span><a href=\"http:\/\/wflb.de\/die-geschichte\/\" target=\"_blank\" rel=\"noopener\"><span data-contrast=\"none\">http:\/\/wflb.de\/die-geschichte\/<\/span><\/a><span data-contrast=\"auto\">)<\/span><span data-ccp-props=\"{&quot;134233279&quot;:true,&quot;335559685&quot;:284,&quot;335559739&quot;:120,&quot;335559991&quot;:284}\">\u00a0<\/span><\/li>\n<\/ul>\n<p><span data-ccp-props=\"{&quot;335559739&quot;:120}\">\u00a0<\/span><\/p>\n","protected":false},"excerpt":{"rendered":"<p>1919 trafen sich in der nahen Nevigeser Landschule die ersten Pazifist:innen aus der Umgebung.\u00a0 Ostern 1927 wurde der Freiwirtschaftliche Jugendverband Deutschland (FJVD) gegr\u00fcndet und beim Wuppertaler Amtsgericht eingetragen.\u00a0Die Ideen kamen vor allem von Silvio Gesell, der auch der Namenspatron des Vereinsheims wurde, welches sich sp\u00e4ter zu einer Tagungsst\u00e4tte mit kleinem Hotelbetrieb entwickelte. Am 11. September [&hellip;]<\/p>\n","protected":false},"author":2,"featured_media":0,"parent":0,"menu_order":0,"comment_status":"closed","ping_status":"closed","template":"","meta":{"footnotes":""},"class_list":["post-20","page","type-page","status-publish","hentry","missing-thumbnail"],"_links":{"self":[{"href":"https:\/\/fjvd.eu\/blog\/wp-json\/wp\/v2\/pages\/20","targetHints":{"allow":["GET"]}}],"collection":[{"href":"https:\/\/fjvd.eu\/blog\/wp-json\/wp\/v2\/pages"}],"about":[{"href":"https:\/\/fjvd.eu\/blog\/wp-json\/wp\/v2\/types\/page"}],"author":[{"embeddable":true,"href":"https:\/\/fjvd.eu\/blog\/wp-json\/wp\/v2\/users\/2"}],"replies":[{"embeddable":true,"href":"https:\/\/fjvd.eu\/blog\/wp-json\/wp\/v2\/comments?post=20"}],"version-history":[{"count":10,"href":"https:\/\/fjvd.eu\/blog\/wp-json\/wp\/v2\/pages\/20\/revisions"}],"predecessor-version":[{"id":1435,"href":"https:\/\/fjvd.eu\/blog\/wp-json\/wp\/v2\/pages\/20\/revisions\/1435"}],"wp:attachment":[{"href":"https:\/\/fjvd.eu\/blog\/wp-json\/wp\/v2\/media?parent=20"}],"curies":[{"name":"wp","href":"https:\/\/api.w.org\/{rel}","templated":true}]}}