{"id":1029,"date":"2021-12-19T14:26:07","date_gmt":"2021-12-19T13:26:07","guid":{"rendered":"https:\/\/fjvd.eu\/blog\/?page_id=1029"},"modified":"2022-01-01T18:11:23","modified_gmt":"2022-01-01T17:11:23","slug":"das-modell-der-donut-oekonomie-wird-an-der-nordbahntrasse-in-wuppertal-vorgestellt","status":"publish","type":"page","link":"https:\/\/fjvd.eu\/blog\/das-modell-der-donut-oekonomie-wird-an-der-nordbahntrasse-in-wuppertal-vorgestellt\/","title":{"rendered":"Das Modell der Donut-\u00d6konomie wird an der Nordbahntrasse in Wuppertal vorgestellt"},"content":{"rendered":"<p><img loading=\"lazy\" decoding=\"async\" class=\"size-medium wp-image-1036 alignleft\" src=\"https:\/\/fjvd.eu\/blog\/wp-content\/uploads\/2021\/12\/Liesbeth-Bakker-Ute-Zander-Donut-IMG_0526_web-224x300.jpg\" alt=\"\" width=\"224\" height=\"300\" srcset=\"https:\/\/fjvd.eu\/blog\/wp-content\/uploads\/2021\/12\/Liesbeth-Bakker-Ute-Zander-Donut-IMG_0526_web-224x300.jpg 224w, https:\/\/fjvd.eu\/blog\/wp-content\/uploads\/2021\/12\/Liesbeth-Bakker-Ute-Zander-Donut-IMG_0526_web-765x1024.jpg 765w, https:\/\/fjvd.eu\/blog\/wp-content\/uploads\/2021\/12\/Liesbeth-Bakker-Ute-Zander-Donut-IMG_0526_web-768x1028.jpg 768w, https:\/\/fjvd.eu\/blog\/wp-content\/uploads\/2021\/12\/Liesbeth-Bakker-Ute-Zander-Donut-IMG_0526_web-1147x1536.jpg 1147w, https:\/\/fjvd.eu\/blog\/wp-content\/uploads\/2021\/12\/Liesbeth-Bakker-Ute-Zander-Donut-IMG_0526_web-1530x2048.jpg 1530w, https:\/\/fjvd.eu\/blog\/wp-content\/uploads\/2021\/12\/Liesbeth-Bakker-Ute-Zander-Donut-IMG_0526_web-1200x1607.jpg 1200w, https:\/\/fjvd.eu\/blog\/wp-content\/uploads\/2021\/12\/Liesbeth-Bakker-Ute-Zander-Donut-IMG_0526_web-600x803.jpg 600w, https:\/\/fjvd.eu\/blog\/wp-content\/uploads\/2021\/12\/Liesbeth-Bakker-Ute-Zander-Donut-IMG_0526_web-scaled.jpg 1912w\" sizes=\"auto, (max-width: 224px) 100vw, 224px\" \/>Die Er\u00f6ffnung am 14.12.2021 musste corona-bedingt leider sehr klein gehalten werden. Liesbeth Bakker, Inhaberin des Wuppertaler Projektentwicklungsb\u00fcros <a href=\"http:\/\/ideaalwerk.de\" target=\"_blank\" rel=\"noopener\">Ideaalwerk<\/a> hat die Ausstellung konzipiert und mit ihren Partner:innen auf die Beine gestellt. Gemeinsam mit der <a href=\"http:\/\/transformotion.de\/\" target=\"_blank\" rel=\"noopener\">K\u00fcnstlerin<\/a> und <a href=\"http:\/\/lernprozesse.com\" target=\"_blank\" rel=\"noopener\">Forscherin<\/a> Ute Zander pr\u00e4sentierte sie die Grundz\u00fcge des genial einfachen und daher sehr anschaulichen Konzeptes der Urheberin Kate Raworth.<\/p>\n<p>&nbsp;<\/p>\n<p>Die Grundidee der Donut-\u00d6konomie: Die Menschheit hat einen<img loading=\"lazy\" decoding=\"async\" class=\"wp-image-1037 size-medium alignright\" src=\"https:\/\/fjvd.eu\/blog\/wp-content\/uploads\/2021\/12\/Liesbeth-Bakker-Ute-Zander-Donut-IMG_0528_web-300x224.jpg\" alt=\"\" width=\"300\" height=\"224\" srcset=\"https:\/\/fjvd.eu\/blog\/wp-content\/uploads\/2021\/12\/Liesbeth-Bakker-Ute-Zander-Donut-IMG_0528_web-300x224.jpg 300w, https:\/\/fjvd.eu\/blog\/wp-content\/uploads\/2021\/12\/Liesbeth-Bakker-Ute-Zander-Donut-IMG_0528_web-1024x765.jpg 1024w, https:\/\/fjvd.eu\/blog\/wp-content\/uploads\/2021\/12\/Liesbeth-Bakker-Ute-Zander-Donut-IMG_0528_web-768x574.jpg 768w, https:\/\/fjvd.eu\/blog\/wp-content\/uploads\/2021\/12\/Liesbeth-Bakker-Ute-Zander-Donut-IMG_0528_web-1536x1147.jpg 1536w, https:\/\/fjvd.eu\/blog\/wp-content\/uploads\/2021\/12\/Liesbeth-Bakker-Ute-Zander-Donut-IMG_0528_web-2048x1530.jpg 2048w, https:\/\/fjvd.eu\/blog\/wp-content\/uploads\/2021\/12\/Liesbeth-Bakker-Ute-Zander-Donut-IMG_0528_web-1200x896.jpg 1200w, https:\/\/fjvd.eu\/blog\/wp-content\/uploads\/2021\/12\/Liesbeth-Bakker-Ute-Zander-Donut-IMG_0528_web-600x448.jpg 600w\" sizes=\"auto, (max-width: 300px) 100vw, 300px\" \/> Korridor, in dem sie gut wirtschaften kann. Dieser freie Korridor wird auf der einen Seite von den <a href=\"https:\/\/de.wikipedia.org\/wiki\/Planetare_Grenzen\" target=\"_blank\" rel=\"noopener\">planetaren Grenzen<\/a> gerahmt, die unbedingt einzuhalten sind, wenn wir nicht noch weitere gravierende Ver\u00e4nderungen ausl\u00f6sen wollen &#8211; hier geht es also um ein \u201eNicht Zuviel\u201c). Andererseits m\u00fcssen die Bed\u00fcrfnisse aller Menschen auf der Erde erf\u00fcllt werden. Da geht es um ein \u201eNicht Zuwenig\u201c.<\/p>\n<p>Alle Teilnehmenden der Er\u00f6ffnung nahmen die n\u00e4heren Erl\u00e4uterungen des Modells mit gro\u00dfem Interesse auf. Allerdings zeigte es sich auch, dass es noch eine gro\u00dfe Kluft gibt zwischen der bildlich gemachten und sehr eing\u00e4ngigen Vorstellung des Donuts und den lokalen Herausforderungen, wie die Menschen sie etwa in den Quartieren Wichlinghausen und Oberbarmen zu bew\u00e4ltigen haben.<\/p>\n<p>Aus meiner Sicht ergeben sich daraus einige wichtige Fragen:<\/p>\n<ul>\n<li>Wie schaffen wir es, diese Kluft zu \u00fcberwinden zwischen der wirklich sinnvollen Zielvorstellung von Kate Raworth auf der einen Seite und den praktischen Problemen, die den Menschen an vielen Stellen &#8211; so auch in Wuppertal &#8211; auf den N\u00e4geln brennen?<\/li>\n<li>Wer genau kann denn wof\u00fcr wie angesprochen und gewonnen werden?<\/li>\n<\/ul>\n<p>Ich halte es f\u00fcr sehr sinnvoll, in der n\u00e4chsten Zeit gemeinsam m\u00f6gliche Antworten auf diese Fragen zu finden. Das Jahr 2022 ist daf\u00fcr sicher ein guter Zeitraum.<\/p>\n<p>Die Freiwirtschaft wie einige andere alternative bzw. heterodoxe \u00f6konomische Lehren und Konzepte k\u00f6nnen dazu wertvolle Beitr\u00e4ge leisten.<\/p>\n<p>Holger Kreft, 19.12.2021<\/p>\n<p>&nbsp;<\/p>\n<p>zur\u00fcck zu <a href=\"https:\/\/fjvd.eu\/blog\/meldungen\/\">Meldungen<\/a><\/p>\n","protected":false},"excerpt":{"rendered":"<p>Die Er\u00f6ffnung am 14.12.2021 musste corona-bedingt leider sehr klein gehalten werden. Liesbeth Bakker, Inhaberin des Wuppertaler Projektentwicklungsb\u00fcros Ideaalwerk hat die Ausstellung konzipiert und mit ihren Partner:innen auf die Beine gestellt. Gemeinsam mit der K\u00fcnstlerin und Forscherin Ute Zander pr\u00e4sentierte sie die Grundz\u00fcge des genial einfachen und daher sehr anschaulichen Konzeptes der Urheberin Kate Raworth. &nbsp; [&hellip;]<\/p>\n","protected":false},"author":2,"featured_media":0,"parent":0,"menu_order":0,"comment_status":"closed","ping_status":"closed","template":"","meta":{"footnotes":""},"class_list":["post-1029","page","type-page","status-publish","hentry","missing-thumbnail"],"_links":{"self":[{"href":"https:\/\/fjvd.eu\/blog\/wp-json\/wp\/v2\/pages\/1029","targetHints":{"allow":["GET"]}}],"collection":[{"href":"https:\/\/fjvd.eu\/blog\/wp-json\/wp\/v2\/pages"}],"about":[{"href":"https:\/\/fjvd.eu\/blog\/wp-json\/wp\/v2\/types\/page"}],"author":[{"embeddable":true,"href":"https:\/\/fjvd.eu\/blog\/wp-json\/wp\/v2\/users\/2"}],"replies":[{"embeddable":true,"href":"https:\/\/fjvd.eu\/blog\/wp-json\/wp\/v2\/comments?post=1029"}],"version-history":[{"count":10,"href":"https:\/\/fjvd.eu\/blog\/wp-json\/wp\/v2\/pages\/1029\/revisions"}],"predecessor-version":[{"id":1183,"href":"https:\/\/fjvd.eu\/blog\/wp-json\/wp\/v2\/pages\/1029\/revisions\/1183"}],"wp:attachment":[{"href":"https:\/\/fjvd.eu\/blog\/wp-json\/wp\/v2\/media?parent=1029"}],"curies":[{"name":"wp","href":"https:\/\/api.w.org\/{rel}","templated":true}]}}